 - 4. Let r(w) = -3*w - 2. Let l(n) = -2*a(n) + 5*r(n). Let u(g) = g**2 + 4*g. Let p be u(-3). Calculate l(p).
1
Let o(j) = 2*j**3 + 5. Let x(k) = k**3 + 2. Let m(r) = -2*o(r) + 5*x(r). Let q be m(1). Let a(d) = 6*d + q - 3 - 7*d. What is a(6)?
-8
Suppose q - 3 = 2*q. Let p(v) be the first derivative of v**2/2 + 4*v - 15. Calculate p(q).
1
Let o(s) = s**2 - 3*s - 1. Let v be o(3). Let l(w) = -8*w - 8. Let m(f) = 26*f + 13*f - 48*f - 2 - 8. Let z(k) = 5*l(k) - 4*m(k). What is z(v)?
4
Let o(f) = f**2 - 2*f + 4. Let v(s) = s**3 - 5*s**2 - 6*s + 6. Let m be v(6). Let c = -18 - -5. Let q be 16/m - c/39. Determine o(q).
7
Let p(y) = -y**3 + 8*y**2 - 12*y - 1. Suppose 0 = 5*o - 9*o + 12, -3*o - 3 = -2*g. What is p(g)?
-1
Let r(i) be the second derivative of i**5/120 + i**4/12 + i**3 - 17*i. Let m(q) be the second derivative of r(q). What is m(4)?
6
Let x(n) = 19*n**3 - 40*n**3 + 22*n**3 - 1 + 4*n**2. Give x(-2).
7
Let p(h) = 3*h - 46. Let a be p(17). Let z(s) = s**2 - 8*s + 15. Calculate z(a).
0
Let s(r) = -r - 2. Let o = 18 + -15. Let u be (-7 - 2)*1/o. Let b be 12/12*(u - 0). Give s(b).
1
Let z(d) = -d + 8*d + 1 + 0*d. Suppose 8 + 0 = 4*y. Suppose 3*r - 5*c = -2*r - 20, -y*c = -6. Give z(r).
-6
Let w = -8 - -12. Let i(o) = -4*o + 1. Let f(g) = 17*g - 4. Let q = -44 + 46. Let m(x) = q*f(x) + 9*i(x). What is m(w)?
-7
Let p(o) be the first derivative of o**3/3 + o**2 - o - 11. Calculate p(-4).
7
Suppose p + 6*h - 2*h + 9 = 0, -3*h = 3*p + 18. Let k(y) = 4*y**2 + 5*y - 3. Let b(a) = a**2 + 1. Let u(i) = 3*b(i) - k(i). What is u(p)?
6
Let j(s) be the second derivative of -s**5/20 + s**4/6 - s**3/2 - s**2/2 - 9*s. Let v(z) = 2*z**3 - 2*z**2 + 2*z. Let g(r) = -3*j(r) - 2*v(r). Calculate g(-4).
15
Let t = 688 + -687. Let b(a) = 41*a**2 - a. Determine b(t).
40
Let l(r) = -r**3 + 5*r**2 - 3*r + 4. Let m = 130 + -103. Let w = m + -24. Calculate l(w).
13
Let y be (-4)/12 + (-19)/(-3). Let v(o) = 110 - 41 - o**2 + 6*o - 76. Calculate v(y).
-7
Let r(q) = q**2 + 5*q + 9. Let m(t) = t**2 + 5*t + 9. Let f = -41 + 35. Let a(v) = f*r(v) + 7*m(v). What is a(-6)?
15
Let a(c) be the second derivative of -7*c - 1/20*c**5 + c**2 + 1/6*c**3 + 0 - 1/4*c**4. Calculate a(-3).
-1
Let l(n) be the second derivative of -n**5/20 + n**4/4 + n**3 + n**2 - n + 251. Calculate l(6).
-70
Let m(d) = d**2 + 7*d - 19*d + 0*d**2 + 7. Let s be 2 + 8/((-144)/(-135)) + (-3)/(-2). Give m(s).
-4
Let f(o) = -o**2 - 10*o - 6. Suppose -5*n - 5 - 26 = 2*u, 3*n - 23 = 4*u. Give f(u).
10
Let d(o) = 2*o + 4. Let l(q) be the first derivative of q**3/3 + 2*q**2 - 9*q + 6. Let a be l(-6). Let r be (-2)/2 - 6/a. Determine d(r).
-2
Let l = 1084 + -1083. Let v(o) = -50*o**3 - o**2 + 2*o - 1. Give v(l).
-50
Let j(b) = -b + 58 + 49 + 2*b - 95. Let d(h) be the third derivative of h**3/6 - 2*h**2. Let x(z) = 2*d(z) - j(z). Determine x(0).
-10
Let m(d) = 1 + d - 4 + 0*d. Let r be m(5). Let p(y) = -3 - 12*y**r + 2 - 4*y + 14*y**2. Give p(3).
5
Let h(u) = 2*u + 8. Suppose -13*z + 14*z - 1 = 0. Let o(q) = q + 1. Let a(n) = z*h(n) - 3*o(n). Calculate a(-5).
10
Let a be 0/2*(-4)/8. Suppose -4*u - u + 10 = a. Suppose u*v + 4 = -0*o - 3*o, -2*o = -2*v + 16. Let g(l) = -l**3 + 6*l**2 - 6*l. Give g(v).
8
Let s(m) = 4*m**2 + 6*m - 8. Let t(c) = -5*c**2 - 6*c + 9. Let k(l) = 6*s(l) + 5*t(l). Let o(w) = w**2 - w + 3. Let q = -15 - -17. Let g be o(q). What is k(g)?
2
Let m(d) = 2*d**3 + d**2 + 2*d + 10. Let z(c) = -c**3 - c**2 - c - 5. Let t(o) = 6*m(o) + 11*z(o). Calculate t(4).
-7
Let r(g) = 4*g - 4. Let u be (3/(-3))/((-3)/9). Determine r(u).
8
Let c(p) = -p**2 - 2*p - 1. Let y(z) = z**3 - 7*z**2 + 7*z - 21. Let w be y(7). Suppose -4*x = w - 16. Give c(x).
-4
Let w(n) = n**2 - 3*n. Let c(t) = 3*t**2 - 6*t + 1. Let a(m) = 3*c(m) - 7*w(m). Calculate a(-2).
5
Let u(g) be the second derivative of g**4/12 - g**3/6 + 2*g**2 - g - 3. Calculate u(6).
34
Let j(i) be the third derivative of -i**4/24 + 11*i**3/6 - 12*i**2. Let g = -182 + 195. Calculate j(g).
-2
Suppose 4 = j + 8, -4*n + 32 = 2*j. Let a(w) = w**3 - 9*w**2 - 13*w + 1. What is a(n)?
-29
Let o(z) = 3*z. Let f(b) = -5*b + 1. Let d(v) = -2*f(v) - 3*o(v). Calculate d(4).
2
Let v(o) be the third derivative of o**6/120 + o**5/10 + o**4/4 - o**3 + 3*o**2 + 4. Calculate v(-5).
-11
Let p(n) = -2*n**2 - 5*n. Let a be p(-4). Let c be 7/42 - 70/a. Let z = 5 - c. Let d(l) = -13*l**2 - 2*l - 1. Calculate d(z).
-12
Let l(b) = b**3 + b**2 - b + 2. Let u = -9 + 4. Let v be 51/u + (-7)/(-35). Let o(w) = -w**2 - 10*w. Let m be o(v). Give l(m).
2
Let i(l) = -3*l + 3. Let f(m) = -10*m + 7. Let j(d) = -28*d + 20. Let v(b) = 17*f(b) - 6*j(b). Let o(n) = i(n) - 2*v(n). Determine o(-4).
1
Let o(i) = -2*i**2 - 7*i - 1. Let x(j) = -j. Let t(b) = -o(b) + 5*x(b). Let d(w) = -w - 9. Let f be d(-7). Determine t(f).
5
Suppose -19*v + 60 = -14*v. Suppose 0 = 4*i + v - 16. Let j(g) be the first derivative of -8*g**3/3 - g**2/2 + g + 1. Determine j(i).
-8
Let q(v) = v**3 - 24*v**2 + 106*v + 33. Let n be q(18). Let t(g) = -g**3 - 5*g**2 - 3*g + 1. Calculate t(n).
-8
Let a(r) = r**3 - r**2 - r + 2. Suppose -4*u + 0*m = -m - 3, 3*m = 15. Suppose -11 = -l - 5*t, -13 = -3*l + u*t - 7*t. Let c be 0*1/(-2)*l. Calculate a(c).
2
Suppose 2*w + 0*w + 6 = 0. Let x(p) be the second derivative of p**5/20 + p**4/3 + p**3/6 - p**2 + 381*p. Give x(w).
4
Suppose -j = -4*l + 3, -j + 15 = 2*j. Let f(s) = s**2 + 2*s - l*s + 4 + 3*s. Let u(o) = o**3 - 33*o**2 - 36*o + 65. Let h be u(34). Give f(h).
4
Suppose -2*q - 13 = -9, -4*s + 6 = 5*q. Suppose -s*n + 12 = -n. Let r(b) = -2*b + 6. Determine r(n).
-2
Let g(y) = y**3 - 2*y**2 + y - 4. Let r(t) = 5*t**2 - 22*t - 12. Let i be r(5). Give g(i).
8
Let d(g) = 8*g**2 + 5*g + 1. Let j(v) = 2*v**2 - v + 2. Let c(q) = -d(q) + 5*j(q). Give c(5).
9
Let g(j) = j + 14. Suppose 5*t - 25 - 25 = 0. Let x be 504/(-40) - (-6)/t. Calculate g(x).
2
Let z(r) = r**3 + 22*r**2 + 24*r + 48. Suppose 21*c = 35*c + 294. What is z(c)?
-15
Let t(g) be the third derivative of 26*g**2 - 1/24*g**4 + 0 + g**3 + 1/60*g**5 + 0*g. Give t(0).
6
Let q(b) = -b**3 + 7*b**2 + 2*b - 6. Let c be 198/30 - (-2 + 16/10). Calculate q(c).
8
Suppose 2*u - 17 = 3*c, -c = 5*u - 2*c - 36. Let a be (u/(28/(-12)))/(6/(-10)). Let m(n) = -n**2 + 7*n - 4. Calculate m(a).
6
Let l(b) be the third derivative of -b**8/20160 + b**7/1260 + b**6/180 + 11*b**5/60 + 12*b**2. Let u(j) be the third derivative of l(j). Determine u(4).
4
Let s be (2 - 6) + 48 + 1. Let r = s - 45. Let g(c) = -c + 6. Determine g(r).
6
Let q(j) = -93*j + 74*j + 7 + 18*j. Calculate q(15).
-8
Let v(z) = -z**3 + 10*z**2 - 13*z - 12. Let a be (-4)/9 - 2480/(-558) - -4. Calculate v(a).
12
Let d = -23 + 25. Let u(z) = 27 - 22 - 10*z - 3*z**2 + 4*z**d. What is u(4)?
-19
Let j(i) = -5*i + 3. Let c be 0 - (-4)/12*-3. Let l be (c*6)/(4/6). Let w = -7 - l. What is j(w)?
-7
Suppose k + 25 = 6*k. Let h(x) = 275394 + 2*x + x**3 - 5*x**2 - 275394. Calculate h(k).
10
Let z(p) be the second derivative of p**5/20 - 13*p**4/12 + 11*p**3/6 - 3*p**2 + 5*p + 5. What is z(12)?
-18
Let j = 117 + -33. Suppose j*k = 85*k + 2. Let z(r) = 3*r**2 - 2*r - 2. What is z(k)?
14
Let a(o) = 29 + 26 + o + 33 - 79. Let s = -21 + 13. Determine a(s).
1
Let j(i) = 2*i - 4. Suppose 6*b = 11*b - 10. Suppose z = -b + 9. Determine j(z).
10
Let w(s) = s**2 + 9*s + 7. Let b = -776 + 771. Give w(b).
-13
Suppose -f + 47 = 45. Let s(g) = 5*g + 3 + 21*g**2 + f - 22*g**2 - 1. Give s(6).
-2
Suppose 0*n + 4*n = -4*b, -3*b + 2*n = -20. Let d(w) = 4*w + 0 - 1 + 4*w + b. What is d(-2)?
-13
Let t(k) = -k**3 - 12*k**2 + 17*k - 23. Let a(c) = -c**3 - 12*c**2 + 12*c - 22. Let u(o) = -4*a(o) + 3*t(o). Calculate u(-12).
-17
Let l(x) = -x**3 + 9*x**2 - 7*x + 6. Suppose 3*i = -i - 2*z - 106, -i = 4*z + 9. Let t = i + 37. Give l(t).
14
Let b(i) = 2*i**3 - 1. Let h(t) = -13*t**3 + 7*t**2 - 6*t + 7. Let z(o) = 6*b(o) + h(o). Give z(4).
25
Suppose 2*u + 4*j - 17 = 5*j, 3*j = 2*u - 15. Let l(o) = o**3 - 8*o**2 - 9*o - 6. Determine l(u).
-6
Let i(l) = l**2 - 7*l + 9. Let r = -73 - -75. Suppose 4*h + 4*j - 3 = 41, 14 = 4*h - r*j. Calculate i(h).
3
Let s(v) be the second derivative of v**5/20 + v**4/4 - v**3/2 - v**2/2 - 43*v. Determine s(-3).
8
Let b(o) = 3*o + 9. Suppose -198 = -14*m + 26. Suppose -5*s + m - 46 = 0. Determine b